 5*i - 1. Let m be x(q). Suppose -4*d + 80 = -m. What is the units digit of d?
1
Suppose 0*u - 4*u + 16 = -l, -5*u = -5*l - 35. Let q = -77 - -69. Let r = l - q. What is the units digit of r?
4
Let y(t) = -8*t - 30. Let k be y(-13). Let r = 272 - k. What is the tens digit of r?
9
Suppose -n = g - 345, -2*g = -2*n + 376 + 314. What is the units digit of n?
5
Let y(g) = 2*g**2 + 27. Let q be y(-13). Let r = -206 + q. What is the units digit of r?
9
Let c = 3674 - 1039. What is the tens digit of c?
3
Suppose 212 = 18*h - 14*h. Suppose 52*c - h*c + 70 = 0. What is the units digit of c?
0
Let p be (-1235)/(-15) + 4/6. Let t = p - -13. What is the tens digit of t?
9
Suppose -12 = -5*x - x. Let j = x - -8. What is the units digit of j?
0
Let i(r) = -3*r - 39. Let c be i(-15). Suppose 3*k + c*o = 5*o + 494, -6 = -3*o. What is the tens digit of k?
6
Let l(t) = 6 + t**2 - t**3 + 6*t**2 - 3*t - 5*t. Let y = 299 + -294. What is the units digit of l(y)?
6
Let k(h) = -2*h**3 - 13*h**2 + 12*h + 1. What is the hundreds digit of k(-12)?
4
Let r(k) = 53*k + 51. What is the units digit of r(11)?
4
Let l = 0 - 2. Let w = l + 0. What is the units digit of ((-140)/30)/(w/3)?
7
Suppose 36 = d - 11. Suppose 5*t = x + x - d, -4*t = -12. What is the units digit of x?
1
Let s be (-6)/(-27) - 38/9. Let j = s + 7. What is the units digit of 3 + j*(-2)/(-3)?
5
Suppose 2*j - j = 3. Suppose -4*g + j*g = -76. Suppose g + 12 = 4*a. What is the units digit of a?
2
Suppose 2*v = 4*b - b + 99, 5*b = 2*v - 169. Let d = 62 + b. What is the tens digit of d?
2
Suppose -20*r - 439192 = -124*r. What is the units digit of r?
3
Let u(i) = i**2 + 6*i - 2. Suppose 4*m = 21 - 13. What is the units digit of u(m)?
4
What is the hundreds digit of (-5514)/(-16) + 33/88?
3
Suppose -5*l + 1600 = 5*q, -3*l - 5 = -2*l. What is the tens digit of q?
2
Let x be (-2 + 3 - 24) + (1 - 2). Let i = -21 - x. What is the units digit of i?
3
Let d be ((6/(-1))/(-2) - -849) + 2. Suppose d = 5*p + v, 4*p - 2*p - v - 336 = 0. What is the units digit of p?
0
Let c = -217 + 582. What is the units digit of c?
5
Let x(b) = -2*b**2 + 31*b - 22. What is the tens digit of x(11)?
7
Suppose -5*a - v = -3*a - 5, -4*a + 4*v = -28. Suppose -9*j + 755 = -a*j. Suppose -5*g + 249 = 3*n - j, -62 = -g + 3*n. What is the tens digit of g?
7
Let q = 43 - 17. Suppose -c + 2*t - 19 = -29, 4*c - 5*t = 31. Suppose 0 = -2*s + q - c. What is the units digit of s?
1
Suppose 3*c = k - 5247, 12*k - 22285 = 5*c + 40772. What is the units digit of k?
6
Let q(s) = -3*s + 10. Let h(f) = -1 + 4*f - 5*f + 0*f. Let b(p) = 6*h(p) + q(p). What is the tens digit of b(-2)?
2
Let c = 1345 + 1447. What is the hundreds digit of c?
7
Let k(z) = -z**3 - 8*z**2 - 13*z + 1. Let f be k(-6). What is the tens digit of 43 + 5 + f/(28/16)?
5
Suppose 7*z - 140 - 882 = 0. What is the units digit of z?
6
Let h = 5168 + -1508. What is the tens digit of h?
6
Let g(f) = 109*f + 1. Let p be (-1 + 0)/(1/(-2) + 0). What is the units digit of g(p)?
9
Let n(z) = z**3 + 24*z**2 + 19*z - 95. What is the units digit of n(-22)?
5
What is the tens digit of 7/49 + 2060/35?
5
Let w = -797 + 1441. What is the tens digit of w/(-21)*6/(-4)?
4
What is the hundreds digit of (112 - 4)*12*(-40)/(-45)?
1
Let o(z) = 42*z - 10. Let l be o(7). Let n = 459 - l. What is the hundreds digit of n?
1
Suppose 4*y + 3*b = 5*b - 32, y + 17 = 5*b. Let v = -32 - -35. What is the units digit of (-1)/(v/(3*y))?
7
Let k = 18 + -13. Let n be (-2 + k)*4/3. Suppose -n*v + 84 = 2*v. What is the units digit of v?
4
Let d = -107 + 170. What is the units digit of d?
3
Let y be -5 + (-5 - (-8 - -4)). Let d = -2 - y. Suppose -3*t + 114 = 4*q, t + 5*q - 190 = -d*t. What is the units digit of t?
8
Let h(i) = i**3 + 2*i**2 + 6*i - 7. Let b be h(3). Let x = 66 - b. What is the units digit of x?
0
Suppose -4*o - 8 = 4*x, 0 - 18 = -3*x + 3*o. Suppose 0 = 3*f - k + 26, 0 = 4*f - 4*k + x*k + 38. Let i = f - -16. What is the units digit of i?
9
Let d(f) = 6*f**2 + f. Let z be d(1). Let q(y) = y - 4. Let u be q(z). Suppose u*o = t - 2*t + 117, -o + 29 = -3*t. What is the tens digit of o?
3
Let u be (-57 + -6)/((-6)/4). Let n = -24 + u. What is the units digit of 112/n - (-18)/(-81)?
6
Suppose 14*d - 2181 = 3083. What is the units digit of d?
6
Let j = -65 - -33. Let h be j/6*(-36)/24. What is the tens digit of (-5)/(0 - 4/h)?
1
Let t = -106 + 407. What is the tens digit of t?
0
Suppose -2*t = -7*t - 140. Let w = t + 139. What is the units digit of w?
1
Suppose 0 = 21*p + 1672 - 14167. What is the units digit of p?
5
Let h(a) = a**2 + 9*a + 2. Let j be h(-8). Let i = 10 + j. Suppose 71 = i*n + y, 6*y - 9 = 3*y. What is the units digit of n?
7
Let k be (-27)/9 + 2 + 1. Suppose k = -3*b - 4*w - w - 11, 0 = b + 4*w - 8. What is the units digit of ((-45)/(-20))/((-3)/b)?
9
Let g = -96 - -68. Let m = -14 - g. What is the units digit of (-63)/m*52/(-6)?
9
Suppose 5*u = 4*z + 224, 2*z = -0*z - u - 112. Let j be 2/8 + 14/z. Suppose 0 = -5*l + 25 - j. What is the units digit of l?
5
Suppose -t + i + 73 = 0, 14 = -5*i - 6. Let f = 164 - t. What is the tens digit of f?
9
Let t(l) = -l**2 - 5*l + 10. Suppose -2*q - 6 = -q. Let f be t(q). Suppose f*r - 115 = 33. What is the tens digit of r?
3
Let n(x) = x**2 - 7*x - 52. Let a be n(11). Suppose 0 = j - 5*g - 42 - 0, -g - 73 = -4*j. Let d = j + a. What is the units digit of d?
9
What is the hundreds digit of 260/6*(-3216)/(-32)?
3
Let x(i) = -i**3 + 27*i**2 - 45*i + 11. What is the hundreds digit of x(12)?
6
Let a(v) = v**2 + 2*v - 8. Let y(d) = d**2 + 3*d - 17. Let w(i) = 5*a(i) - 3*y(i). Let z be w(5). Let u = 95 - z. What is the tens digit of u?
2
Let t(b) = -b**2 + 19. Let w be t(-4). Let f be ((-4)/(-3))/(4/66). What is the units digit of 106/w - f/(-33)?
6
Let j(h) = h - 6. Let q be j(10). What is the hundreds digit of (-731)/(-4) - (-1)/q?
1
Suppose 2*n + 0*s = -4*s - 4, s = -2*n + 5. Suppose 3*p - 84 = x + x, n*x = 0. What is the tens digit of p?
2
Let a(p) = 179*p**2 + 37*p - 12. What is the tens digit of a(4)?
0
Let i(k) = 152*k**3 - 3*k**2 + 11*k - 17. What is the units digit of i(2)?
9
Let f(i) be the second derivative of -4*i**3 - i**2/2 + 2*i. What is the units digit of f(-1)?
3
Suppose 0 = 182*l - 164*l - 82440. What is the thousands digit of l?
4
Let k = 18 + -6. Let s be 6*((-40)/k - -4). Suppose 0 = -5*o + u + 45, -s*o - 6*u + 36 = -u. What is the units digit of o?
9
Suppose 0*l = 3*k + 2*l - 432, -2*l - 144 = -k. What is the units digit of k?
4
Let n be -2*3/39 - 726/13. Let p = 321 + n. What is the hundreds digit of p?
2
Suppose -11*t + 5957 = -1996. What is the units digit of t?
3
Suppose -306360 = -5*s - 55*s. What is the thousands digit of s?
5
Let n = 304 + -113. What is the hundreds digit of n?
1
What is the units digit of 314 + 6/(2 - -4)?
5
Suppose -13*x - 4*m = -11*x - 248, 5*m = -3*x + 368. Let k = -84 + x. What is the tens digit of k?
3
Suppose 3*w = -2*c + 596, 0 = -3*c + 2*w + 626 + 268. Suppose -c = -5*k + 47. What is the units digit of k?
9
Let f(v) = -2*v - 7. Let d be f(-19). Let i = 61 - d. What is the tens digit of i?
3
Let p(m) = -m**2 + 37. Let x(k) = k + 5. Let v be x(-5). What is the tens digit of p(v)?
3
Suppose 2 + 22 = 3*f - 3*h, -2*f - 3*h - 4 = 0. Suppose 0*k - 88 = f*k. What is the tens digit of (-2)/(0 + 4/k)?
1
Let g = 18 - 18. Suppose g*t + 4 = 4*t. What is the units digit of 18 - -8 - 2*t?
4
Let x = -30 - -30. Suppose -2*u = k + 1, -2*u + 5*k + 19 - 2 = x. What is the units digit of u?
1
Suppose 22 = 3*w + 10. Suppose 11 = w*d - 5. Suppose -i - 3*r + 34 = -d*r, 4*i - 131 = -r. What is the units digit of i?
3
Let l(b) = 270*b - 286. What is the thousands digit of l(9)?
2
Let l(s) = -314*s + 5. What is the thousands digit of l(-4)?
1
Let l be (-15)/(-35) + 1516/7. Let k = -149 + l. What is the units digit of k?
8
Suppose 2*v = v + 44. Let l = -111 - -84. Let n = l + v. What is the tens digit of n?
1
What is the tens digit of (846/(-36))/(2/(-48))?
6
Let b be ((-3)/6)/(5/20). Let a(u) = 15*u**2 - u - 4. What is the units digit of a(b)?
8
Let y = 18 + -32. Let u = y - -34. What is the tens digit of u?
2
Let y be (18/(-15))/((-10)/25) - 158. Let c = -109 - y. What is the tens digit of c?
4
Suppose 6*g = -136 + 1450. What is the units digi